ighest common factor of 14 and k?
14
Suppose -4*d + 134 + 106 = 0. What is the highest common factor of d and 15?
15
Let p(z) be the third derivative of -z**4/8 - 5*z**3/2 - 3*z**2. Let m be p(-12). Calculate the highest common factor of m and 42.
21
Let m be (0 + -1)/((-7)/203). What is the highest common factor of m and 58?
29
Let n = -88 - -102. Calculate the highest common factor of n and 7.
7
Let g = -23 - -243. Suppose 2*q - g - 102 = 0. Calculate the greatest common factor of 23 and q.
23
Let u(d) = 2*d**3 - 14*d + 12. Let p be u(5). Calculate the highest common factor of 24 and p.
24
Let g = 4 - -2. Suppose -g*f + 540 = -2*f. Let o = 74 + f. Calculate the highest common divisor of 19 and o.
19
Suppose 4*l + 5*v = 85, -3*l + 60 = v + 2*v. Calculate the highest common factor of l and 5.
5
Let d(m) = 5 - m + 3 - 2. Let r be d(9). Let i(f) = -f**3 - 2*f**2 - f - 1. Let u be i(r). Calculate the highest common factor of u and 11.
11
Let i(k) = k**3 - 2*k**2 - 2*k + 2. Let b be i(3). Calculate the highest common factor of 35 and b.
5
Let n = 597 + -387. What is the greatest common factor of 21 and n?
21
Let r(t) = -t**3 + 4*t**2 + 6*t + 1. Let x be r(5). Let c = 8 - x. Suppose -c*j + 4 = -6. What is the greatest common factor of j and 5?
5
Suppose 5*q + 3*f - 235 = -2*f, 2*f = 5*q - 242. What is the greatest common divisor of q and 432?
48
Suppose -5*h + 68 = x + 3*x, 3*h + 122 = 5*x. What is the highest common divisor of 22 and x?
22
Let z = -27 + -73. Let s be (3/6)/((-2)/z). Suppose 2 = 5*v + 2*a - 38, -a - s = -2*v. Calculate the greatest common divisor of 5 and v.
5
Let h(u) = -u**3 + u**2 + 2*u + 1. Let n be h(-1). Calculate the greatest common divisor of n and 1.
1
Let b = -26 + 44. Calculate the highest common factor of b and 12.
6
Let h(j) = 3*j**3 + 2*j**2 - 11*j - 1. Let f be h(3). What is the greatest common factor of 26 and f?
13
Suppose 2*o = -2*o - 12. Let w be 1 + ((-54)/2)/o. Suppose 2*a = w, 4*a = -2*p + 26 - 2. What is the highest common factor of 2 and p?
2
Suppose 2*f + 0*f = 26. Suppose 104*g + 1352 = 117*g. What is the greatest common divisor of f and g?
13
Suppose 5*c - 5*z - 12 - 23 = 0, -4*z + 68 = 4*c. What is the highest common factor of 96 and c?
12
Let g(l) = -l**2 - 8*l + 2. Let y be g(-6). Calculate the greatest common divisor of 126 and y.
14
Suppose 0 = 3*c - 2*c - 2. Let s be 12/(c/(80/6)). Let i be 1/(-3) - (-25)/3. Calculate the highest common divisor of s and i.
8
Let s = -12 + 16. What is the highest common divisor of 8 and s?
4
Suppose 0 = 5*j - 4*j - 2. Let v(i) = -20*i + 3. Let f be v(j). Let b = f - -145. Calculate the highest common divisor of b and 12.
12
Suppose 5*a - 500 - 150 = 0. Calculate the greatest common factor of 10 and a.
10
Let v = -8 + 5. Let o = v + 2. Let h be 1 + 2 - o*9. Calculate the greatest common factor of 96 and h.
12
Let k be (-102)/(-4)*8/12. Let v(f) = -18*f**3 - f**2 + 2*f. Suppose 7 + 1 = -4*y. Let j be v(y). Calculate the highest common factor of k and j.
17
Suppose 3*v = -l + 13, 2*l + v = -2 + 33. Calculate the greatest common factor of 128 and l.
16
Suppose 3*v - 65 = -2*v. Let z(m) = m - 8. Let c be z(8). Suppose c = -3*w + 7*w - 572. What is the highest common factor of v and w?
13
Suppose -3*i = -4*s + 32, -4*s + 3*s = 3*i - 8. What is the greatest common divisor of 96 and s?
8
Let b be (-6)/21 - (-92)/28. Let t(p) be the second derivative of 7*p**3/3 - 3*p**2/2 + p. Let g be t(b). What is the highest common factor of g and 13?
13
Suppose 0 = -4*l - 0*l + 12. Suppose l*u - 60 = -3*m, -5*u + 180 - 73 = -2*m. What is the highest common factor of 7 and u?
7
Let g be (-8 + -1)*(-7 + 0). What is the greatest common factor of 18 and g?
9
Let l(a) = 2*a**2 - 3*a + 7. Let k be l(3). Let x(i) = 2*i + 12. Let q be x(-4). What is the highest common divisor of q and k?
4
Let u be 182/13 - (0 + 2). Calculate the greatest common divisor of 3 and u.
3
Suppose 0 = u + u - 432. What is the highest common divisor of 27 and u?
27
Let b(t) = 5*t - 4. Let p be b(4). Suppose 0 = 3*s + 2*s. Suppose 2*a + 3*i = 340, s*a = -5*a + 4*i + 896. What is the greatest common divisor of p and a?
16
Let f = 98 - 58. Let g be (-4)/(-10) + 24/(-10). Let z = g - -10. Calculate the greatest common factor of z and f.
8
Let v be (2 + (-15)/6)*-32. Suppose 2*y = -x - 0*y + 8, -5*x + v = 4*y. Let m be -1 + (-2 - -10) - x. What is the highest common divisor of 1 and m?
1
Suppose 4*n + 2*a + a = -17, a + 9 = -3*n. Let j be (25/(-2) + 2)*n. Calculate the greatest common divisor of j and 231.
21
Let v = -143 - -407. Calculate the highest common factor of 24 and v.
24
Let b(r) = -2*r - 2. Let m(n) = n**2 + 7*n - 5. Let h be m(-7). Let x be b(h). What is the greatest common divisor of 32 and x?
8
Let l = 145 - 431. Let o = -146 - l. Suppose -14 - o = -2*r. What is the greatest common factor of 11 and r?
11
Let w = 102 + -47. Calculate the greatest common factor of w and 11.
11
Let n = 8 + -9. Let g = 4 + n. Suppose -2*t = g*t - 190. What is the highest common factor of 57 and t?
19
Suppose -23 - 13 = -2*m. Calculate the highest common factor of 24 and m.
6
Suppose -5*l + 1104 = -l. Suppose 2*w - 4 = i - 72, 4*w = 4*i - l. Calculate the highest common divisor of 10 and i.
10
Suppose -5*p + 4*p = -2*w + 72, p - 194 = -5*w. Calculate the highest common divisor of 133 and w.
19
Let l be (19/4 + -4)*4. What is the highest common divisor of 9 and l?
3
Suppose 0*z - 11 = -z. Suppose -8*q + 9*q = 33. Calculate the highest common factor of q and z.
11
Let j = 2 + 8. Let s = -1 + 0. Let l be j + s + (0 - -4). What is the highest common divisor of 117 and l?
13
Let b(s) = -5*s**2 - 1. Let f be b(-1). Let k(r) = r**2 + 4*r - 8. Let a be k(f). Calculate the highest common factor of 6 and a.
2
Let p be (3 + 12)/(-5) + (85 - 1). Suppose -4 = -3*g + 23. Calculate the greatest common divisor of p and g.
9
Let n be (5 - 6)*(-1 + 11). Let m be (-3)/15 - 22/n. Calculate the highest common factor of 5 and m.
1
Suppose 20 = v - 5*v, -2*v - 42 = -4*z. Let k = -3 - -4. Let d = z + k. Calculate the greatest common divisor of 18 and d.
9
Let c(n) be the third derivative of n**5/30 - n**4/3 - 2*n**3/3 + 3*n**2. Let s be c(8). Calculate the greatest common factor of s and 15.
15
Let p(u) = -103*u - 1. Let r = -10 - -7. Let m be p(r). What is the highest common factor of m and 28?
28
Let a(w) = -w + 2. Let i be a(0). Suppose -t + i = -0*t. Let q be 4 + -2 + 2/t. Calculate the highest common factor of q and 21.
3
Let n be -2 - (-69 - (-3 + 2)). What is the greatest common factor of n and 22?
22
Suppose 0 = 3*g - 7*g + 2*l + 114, 0 = -2*g - 2*l + 66. What is the highest common factor of 40 and g?
10
Suppose h = 0, -4*v + 5*h + 56 = -0*v. Calculate the highest common factor of v and 112.
14
Let p be (-10)/(-15) - 570/(-9). Calculate the greatest common factor of p and 32.
32
Let c be -1 + 34/2 - 3. What is the highest common divisor of 26 and c?
13
Let h be ((-66)/4)/((-18)/120). What is the highest common factor of h and 10?
10
Let u(o) = 9*o**2 - o - 4. Let a be u(-3). Calculate the highest common divisor of a and 20.
20
Suppose 6*p + 20 = 11*p. What is the highest common factor of 4 and p?
4
Let u(o) = -o**3 - 6*o**2 - 8*o - 8. Let j be u(-5). What is the greatest common divisor of j and 1?
1
Let v(a) = 2*a**2 - 2*a. Let q be v(-3). Suppose -w = -7 - q. Suppose 0 = -2*f + w + 81. What is the highest common divisor of f and 8?
8
Let d = -75 + 85. Calculate the greatest common factor of d and 110.
10
Let s = -5 - -9. Suppose 2*n + 3*n = -3*q + 79, 0 = -3*q - 2*n + 82. Calculate the highest common factor of q and s.
4
Let o be (8/6)/((-2)/(-12)). What is the highest common factor of o and 8?
8
Suppose 2*u + 5*d = 55 - 12, 0 = -2*u - d + 31. What is the greatest common divisor of 154 and u?
14
Let v(j) = -j**2 + 8*j - 2. Let h be ((-9)/27)/(2/(-18)). Let b be v(h). What is the highest common factor of 13 and b?
13
Let u = -6 + 10. Suppose 3*w + 11 = u*m, 6*m + 2*w = m + 31. Suppose 0 = -g + m + 6. Calculate the highest common factor of g and 77.
11
Suppose 0 = 4*k - 2*k - 10. Calculate the greatest common divisor of 25 and k.
5
Let f be ((-12)/10)/(1/(-30)). Suppose 0*l - f = -3*l. Suppose 0*m + l = m. Calculate the highest common factor o